{"id":621,"date":"2021-01-28T23:10:35","date_gmt":"2021-01-28T22:10:35","guid":{"rendered":"https:\/\/www.parrocchiasantamariadelrosarioladispoli.it\/?page_id=621"},"modified":"2021-02-04T16:49:39","modified_gmt":"2021-02-04T15:49:39","slug":"associazione-al-anon","status":"publish","type":"page","link":"https:\/\/www.parrocchiasantamariadelrosarioladispoli.it\/index.php\/associazione-al-anon\/","title":{"rendered":"Associazione Alcolisti Anonimi &#8220;La Fratellanza&#8221;"},"content":{"rendered":"<h3 style=\"text-align: justify;\"><strong style=\"font-size: 18pt;\"><span style=\"color: #000000;\"><img loading=\"lazy\" decoding=\"async\" class=\" wp-image-1004 alignright\" src=\"https:\/\/www.parrocchiasantamariadelrosarioladispoli.it\/wp-content\/uploads\/2021\/02\/A.A.-279x300.jpg\" alt=\"\" width=\"337\" height=\"362\" srcset=\"https:\/\/www.parrocchiasantamariadelrosarioladispoli.it\/wp-content\/uploads\/2021\/02\/A.A.-279x300.jpg 279w, https:\/\/www.parrocchiasantamariadelrosarioladispoli.it\/wp-content\/uploads\/2021\/02\/A.A..jpg 393w\" sizes=\"auto, (max-width: 337px) 100vw, 337px\" \/><\/span><\/strong><span style=\"font-size: 18pt;\"><strong style=\"font-size: 18pt;\"><span style=\"color: #000000;\">L&#8217;associazione&nbsp;<span style=\"color: #ff0000;\">&#8220;Alcolisti Anonimi&#8221;<\/span>&nbsp;\u00e8 stata fondata negli Stati Uniti nel 1935. Gi\u00e0 da molti an<\/span><\/strong><strong><span style=\"color: #000000;\">ni \u00e8 presente nella nostra Parrocchia attraverso il gruppo A.A. <span style=\"color: #ff0000;\">&#8220;La Fratellanza<\/span><\/span><\/strong><\/span><strong style=\"font-size: 18pt;\"><span style=\"color: #000000;\"><span style=\"color: #ff0000;\">&#8220;<\/span>, aiutando molte persone a uscire fuori dall&#8217;uso problematico di alcol. Si t<\/span><\/strong><strong style=\"font-size: 18pt;\"><span style=\"color: #000000;\">ratta di un gruppo di uomini e donne che mettono in comune la loro esperienza, forza e speranza al fine di risolvere il loro problema comune e aiutare altri a recuperarsi dall\u2019alcolismo.&nbsp; &nbsp; &nbsp; &nbsp; &nbsp; &nbsp; &nbsp; &nbsp; &nbsp; &nbsp; &nbsp; &nbsp; &nbsp; &nbsp; &nbsp; &nbsp; &nbsp; &nbsp; &nbsp; &nbsp; &nbsp; &nbsp; &nbsp; &nbsp; &nbsp; &nbsp; &nbsp; &nbsp; &nbsp; &nbsp; &nbsp; &nbsp; &nbsp; &nbsp; &nbsp; &nbsp; &nbsp; &nbsp; &nbsp; &nbsp; &nbsp; &nbsp; &nbsp; &nbsp; &nbsp; &nbsp; &nbsp; &nbsp; &nbsp; &nbsp; &nbsp; &nbsp; &nbsp; &nbsp; &nbsp; &nbsp; &nbsp; &nbsp; &nbsp; &nbsp; &nbsp; &nbsp; &nbsp; &nbsp; &nbsp; &nbsp; &nbsp; &nbsp; &nbsp; &nbsp; &nbsp; &nbsp; &nbsp; &nbsp; &nbsp; &nbsp; &nbsp; &nbsp; &nbsp; &nbsp; &nbsp; &nbsp; &nbsp; &nbsp; &nbsp; &nbsp; &nbsp; &nbsp; &nbsp; &nbsp; &nbsp; &nbsp; &nbsp; &nbsp; &nbsp; &nbsp; &nbsp; &nbsp; &nbsp; &nbsp; &nbsp; &nbsp; &nbsp; &nbsp; &nbsp; &nbsp; &nbsp; &nbsp; &nbsp; &nbsp; &nbsp; &nbsp; &nbsp; &nbsp; &nbsp; &nbsp; &nbsp; <\/span><\/strong><strong style=\"font-size: 18pt;\"><span style=\"color: #000000;\">Gli incontri si svolgono nelle aule parrocchiali ogni <span style=\"color: #ff0000;\">Marted\u00ec<\/span> e <span style=\"color: #ff0000;\">Venerd\u00ec<\/span> alle ore <span style=\"color: #ff0000;\">19:00&nbsp; &nbsp; &nbsp; &nbsp; &nbsp; &nbsp; &nbsp; &nbsp; &nbsp; &nbsp; &nbsp; &nbsp; &nbsp; &nbsp; &nbsp; &nbsp; &nbsp; &nbsp; &nbsp; &nbsp; &nbsp; &nbsp; &nbsp; &nbsp; &nbsp; &nbsp; &nbsp; &nbsp; &nbsp; &nbsp; &nbsp; &nbsp; &nbsp; &nbsp; &nbsp; &nbsp; &nbsp; &nbsp; &nbsp; &nbsp; &nbsp; &nbsp; &nbsp; &nbsp; &nbsp; &nbsp; &nbsp; &nbsp; &nbsp; &nbsp; &nbsp; &nbsp; &nbsp; &nbsp; &nbsp; &nbsp; &nbsp; &nbsp; &nbsp; &nbsp; &nbsp; &nbsp; &nbsp; &nbsp; &nbsp; &nbsp; &nbsp; &nbsp; &nbsp; &nbsp; &nbsp; &nbsp; &nbsp; &nbsp; &nbsp; &nbsp; &nbsp; &nbsp; &nbsp; &nbsp; &nbsp; &nbsp; &nbsp; &nbsp; &nbsp; &nbsp; &nbsp; &nbsp; &nbsp; &nbsp; &nbsp; &nbsp; &nbsp; &nbsp; &nbsp; &nbsp; &nbsp; &nbsp; &nbsp; &nbsp; &nbsp; &nbsp; &nbsp; &nbsp; &nbsp; &nbsp; &nbsp; &nbsp; &nbsp; &nbsp; &nbsp; &nbsp; &nbsp; &nbsp; &nbsp; &nbsp; &nbsp; &nbsp; &nbsp; &nbsp; &nbsp; <\/span><\/span><\/strong><strong style=\"font-size: 18pt;\"><span style=\"color: #000000;\">Per ulteriori informazioni potete contattare i responsabili del gruppo al numero: <span style=\"color: #ff0000;\">3343958540<\/span><\/span><\/strong><\/h3>\n","protected":false},"excerpt":{"rendered":"<p>L&#8217;associazione&nbsp;&#8220;Alcolisti Anonimi&#8221;&nbsp;\u00e8 stata fondata negli Stati Uniti nel 1935. Gi\u00e0 da molti anni \u00e8 presente nella nostra Parrocchia attraverso il gruppo A.A. &#8220;La Fratellanza&#8220;, aiutando molte persone a uscire fuori dall&#8217;uso problematico di alcol. Si tratta di un gruppo di uomini e donne che mettono in comune la loro esperienza, forza e speranza al fine [&hellip;]<\/p>\n","protected":false},"author":1,"featured_media":0,"parent":0,"menu_order":0,"comment_status":"closed","ping_status":"closed","template":"","meta":{"ngg_post_thumbnail":0,"footnotes":""},"class_list":["post-621","page","type-page","status-publish","hentry"],"_links":{"self":[{"href":"https:\/\/www.parrocchiasantamariadelrosarioladispoli.it\/index.php\/wp-json\/wp\/v2\/pages\/621","targetHints":{"allow":["GET"]}}],"collection":[{"href":"https:\/\/www.parrocchiasantamariadelrosarioladispoli.it\/index.php\/wp-json\/wp\/v2\/pages"}],"about":[{"href":"https:\/\/www.parrocchiasantamariadelrosarioladispoli.it\/index.php\/wp-json\/wp\/v2\/types\/page"}],"author":[{"embeddable":true,"href":"https:\/\/www.parrocchiasantamariadelrosarioladispoli.it\/index.php\/wp-json\/wp\/v2\/users\/1"}],"replies":[{"embeddable":true,"href":"https:\/\/www.parrocchiasantamariadelrosarioladispoli.it\/index.php\/wp-json\/wp\/v2\/comments?post=621"}],"version-history":[{"count":8,"href":"https:\/\/www.parrocchiasantamariadelrosarioladispoli.it\/index.php\/wp-json\/wp\/v2\/pages\/621\/revisions"}],"predecessor-version":[{"id":1019,"href":"https:\/\/www.parrocchiasantamariadelrosarioladispoli.it\/index.php\/wp-json\/wp\/v2\/pages\/621\/revisions\/1019"}],"wp:attachment":[{"href":"https:\/\/www.parrocchiasantamariadelrosarioladispoli.it\/index.php\/wp-json\/wp\/v2\/media?parent=621"}],"curies":[{"name":"wp","href":"https:\/\/api.w.org\/{rel}","templated":true}]}}